{"id":8,"date":"2024-01-07T20:28:01","date_gmt":"2024-01-07T19:28:01","guid":{"rendered":"https:\/\/ceoplus.fr\/?page_id=8"},"modified":"2024-04-04T03:37:41","modified_gmt":"2024-04-04T01:37:41","slug":"accueil","status":"publish","type":"page","link":"https:\/\/ceoplus.fr\/","title":{"rendered":"Accueil"},"content":{"rendered":"\n<div class=\"wp-block-cover alignfull wp-duotone-unset-1\" style=\"min-height:700px;aspect-ratio:unset;\"><span aria-hidden=\"true\" class=\"wp-block-cover__background has-background-dim-0 has-background-dim\"><\/span><img loading=\"lazy\" decoding=\"async\" width=\"1920\" height=\"1080\" class=\"wp-block-cover__image-background wp-image-35\" alt=\"\" src=\"https:\/\/ceoplus.fr\/wp-content\/uploads\/2024\/03\/IMG_1481.jpeg\" style=\"object-position:55% 51%\" data-object-fit=\"cover\" data-object-position=\"55% 51%\" srcset=\"https:\/\/ceoplus.fr\/wp-content\/uploads\/2024\/03\/IMG_1481.jpeg 1920w, https:\/\/ceoplus.fr\/wp-content\/uploads\/2024\/03\/IMG_1481-300x169.jpeg 300w, https:\/\/ceoplus.fr\/wp-content\/uploads\/2024\/03\/IMG_1481-1024x576.jpeg 1024w, https:\/\/ceoplus.fr\/wp-content\/uploads\/2024\/03\/IMG_1481-768x432.jpeg 768w, https:\/\/ceoplus.fr\/wp-content\/uploads\/2024\/03\/IMG_1481-1536x864.jpeg 1536w\" sizes=\"auto, (max-width: 1920px) 100vw, 1920px\" \/><div class=\"wp-block-cover__inner-container is-layout-flow wp-block-cover-is-layout-flow\">\n<div style=\"height:80px\" aria-hidden=\"true\" class=\"wp-block-spacer\"><\/div>\n\n\n\n<h1 class=\"wp-block-heading has-text-align-center has-text-color\" style=\"color:#1e182e\">Vos challenges deviennent <\/h1>\n\n\n\n<h1 class=\"wp-block-heading has-text-align-center has-text-color\" style=\"color:#1e182e\">des perspectives<\/h1>\n\n\n\n<p class=\"has-text-align-center has-text-color\" style=\"color:#121212;font-size:17px\">Ensemble, fa\u00e7onnons votre succ\u00e8s pour une croissance durable.<\/p>\n\n\n\n<div class=\"wp-block-buttons is-content-justification-center is-layout-flex wp-container-core-buttons-is-layout-16018d1d wp-block-buttons-is-layout-flex\">\n<div class=\"wp-block-button is-style-primary\"><a class=\"wp-block-button__link wp-element-button\" href=\"#\">NOS SERVICES<\/a><\/div>\n\n\n\n<div class=\"wp-block-button is-style-secondary\"><a class=\"wp-block-button__link wp-element-button\" href=\"#\" target=\"_blank\" rel=\"noreferrer noopener\">NOUS CONNA\u00ceTRE<\/a><\/div>\n<\/div>\n\n\n\n<div style=\"height:80px\" aria-hidden=\"true\" class=\"wp-block-spacer\"><\/div>\n\n\n\n<div style=\"height:80px\" aria-hidden=\"true\" class=\"wp-block-spacer\"><\/div>\n\n\n\n<p><\/p>\n<\/div><\/div>\n\n\n\n<div style=\"height:47px\" aria-hidden=\"true\" class=\"wp-block-spacer\"><\/div>\n\n\n\n<div class=\"wp-block-columns is-layout-flex wp-container-core-columns-is-layout-9d6595d7 wp-block-columns-is-layout-flex\">\n<div class=\"wp-block-column is-layout-flow wp-block-column-is-layout-flow\"><div class=\"wp-block-image is-resized icon-style is-style-default\">\n<figure class=\"aligncenter size-full\"><img loading=\"lazy\" decoding=\"async\" width=\"150\" height=\"150\" src=\"http:\/\/ceoplus.fr\/wp-content\/uploads\/2024\/04\/60591B20-EB91-4402-A17D-F3BBD0F46F6F.png\" alt=\"\" class=\"wp-image-63\" style=\"object-fit:cover;width:70px;height:70px\"\/><\/figure>\n<\/div>\n\n\n<div style=\"height:22px\" aria-hidden=\"true\" class=\"wp-block-spacer\"><\/div>\n\n\n\n<h3 class=\"wp-block-heading has-text-align-center has-neve-text-color-color has-text-color\"><strong>Une restructuration<\/strong> <br><strong>sur mesure<\/strong><\/h3>\n\n\n\n<p class=\"has-text-align-center\">Notre implication favorise des solutions individualis\u00e9es pour une restructuration <br>souple et performante.<\/p>\n<\/div>\n\n\n\n<div class=\"wp-block-column is-layout-flow wp-block-column-is-layout-flow\"><div class=\"wp-block-image is-resized icon-style is-style-default\">\n<figure class=\"aligncenter size-full\"><img loading=\"lazy\" decoding=\"async\" width=\"150\" height=\"150\" src=\"http:\/\/ceoplus.fr\/wp-content\/uploads\/2024\/04\/59829978-029A-4FE2-A47D-F08E05031778.png\" alt=\"\" class=\"wp-image-67\" style=\"object-fit:cover;width:70px;height:70px\"\/><\/figure>\n<\/div>\n\n\n<div style=\"height:22px\" aria-hidden=\"true\" class=\"wp-block-spacer\"><\/div>\n\n\n\n<h3 class=\"wp-block-heading has-text-align-center has-neve-text-color-color has-text-color\"><strong>La performance industrielle optimalis\u00e9e<\/strong><\/h3>\n\n\n\n<p class=\"has-text-align-center\">Gr\u00e2ce \u00e0 notre expertise, nous identifions les inefficiences et proposons des solutions pour une performance optimale.<\/p>\n<\/div>\n\n\n\n<div class=\"wp-block-column is-layout-flow wp-block-column-is-layout-flow\"><div class=\"wp-block-image is-resized icon-style is-style-rounded\">\n<figure class=\"aligncenter size-full\"><img loading=\"lazy\" decoding=\"async\" width=\"150\" height=\"150\" src=\"http:\/\/ceoplus.fr\/wp-content\/uploads\/2024\/04\/17436095-F51E-4FC2-96B0-A4B40A2526D8.png\" alt=\"\" class=\"wp-image-68\" style=\"object-fit:cover;width:70px;height:70px\"\/><\/figure>\n<\/div>\n\n\n<div style=\"height:22px\" aria-hidden=\"true\" class=\"wp-block-spacer\"><\/div>\n\n\n\n<h3 class=\"wp-block-heading has-text-align-center has-neve-text-color-color has-text-color\">L\u2019innovation comme moteur strat\u00e9gique<\/h3>\n\n\n\n<p class=\"has-text-align-center\">Ancr\u00e9e dans la culture d&rsquo;entreprise, nous guidons nos clients vers une innovation p\u00e9renne pour une comp\u00e9titivit\u00e9 durable.<\/p>\n\n\n\n<div style=\"height:0px\" aria-hidden=\"true\" class=\"wp-block-spacer\"><\/div>\n<\/div>\n<\/div>\n\n\n\n<div class=\"wp-block-cover alignfull is-light\" style=\"min-height:600px;aspect-ratio:unset;\"><span aria-hidden=\"true\" class=\"wp-block-cover__background has-nv-dark-bg-background-color has-background-dim-100 has-background-dim\"><\/span><div class=\"wp-block-cover__inner-container is-layout-flow wp-block-cover-is-layout-flow\">\n<div class=\"wp-block-group\"><div class=\"wp-block-group__inner-container is-layout-flow wp-block-group-is-layout-flow\">\n<div class=\"wp-block-columns are-vertically-aligned-center is-layout-flex wp-container-core-columns-is-layout-9d6595d7 wp-block-columns-is-layout-flex\">\n<div class=\"wp-block-column is-vertically-aligned-center is-layout-flow wp-block-column-is-layout-flow\" style=\"flex-basis:50%\">\n<figure class=\"wp-block-image size-large is-resized\"><img loading=\"lazy\" decoding=\"async\" width=\"1080\" height=\"1080\" src=\"https:\/\/ceoplus.fr\/wp-content\/uploads\/2024\/04\/IMG_1643-edited.jpeg\" alt=\"\" class=\"wp-image-87\" style=\"object-fit:cover;width:500px;height:500px\" srcset=\"https:\/\/ceoplus.fr\/wp-content\/uploads\/2024\/04\/IMG_1643-edited.jpeg 1080w, https:\/\/ceoplus.fr\/wp-content\/uploads\/2024\/04\/IMG_1643-edited-300x300.jpeg 300w, https:\/\/ceoplus.fr\/wp-content\/uploads\/2024\/04\/IMG_1643-edited-1024x1024.jpeg 1024w, https:\/\/ceoplus.fr\/wp-content\/uploads\/2024\/04\/IMG_1643-edited-150x150.jpeg 150w, https:\/\/ceoplus.fr\/wp-content\/uploads\/2024\/04\/IMG_1643-edited-768x768.jpeg 768w\" sizes=\"auto, (max-width: 1080px) 100vw, 1080px\" \/><\/figure>\n<\/div>\n\n\n\n<div class=\"wp-block-column is-vertically-aligned-center is-layout-flow wp-block-column-is-layout-flow\" style=\"flex-basis:50%\">\n<div style=\"height:20px\" aria-hidden=\"true\" class=\"wp-block-spacer\"><\/div>\n\n\n\n<h2 class=\"wp-block-heading has-text-align-left has-nv-site-bg-color has-text-color\">Transformer votre activit\u00e9<\/h2>\n\n\n\n<p class=\"has-text-align-left has-nv-site-bg-color has-text-color\" style=\"font-size:17px\">Notre pr\u00e9sence au coeur de l\u2019activit\u00e9 de nos clients nous permet d\u2019apporter des solutions personnalis\u00e9es pour une restructuration agile et efficiente, adapt\u00e9es \u00e0 chaque entreprise.<\/p>\n\n\n\n<div class=\"wp-block-buttons is-content-justification-left is-layout-flex wp-container-core-buttons-is-layout-fdcfc74e wp-block-buttons-is-layout-flex\">\n<div class=\"wp-block-button is-style-primary\"><a class=\"wp-block-button__link wp-element-button\" href=\"#\">NOS SERVICES<\/a><\/div>\n<\/div>\n<\/div>\n<\/div>\n<\/div><\/div>\n<\/div><\/div>\n\n\n\n<div class=\"wp-block-cover alignfull is-light\" style=\"min-height:866px;aspect-ratio:unset;\"><span aria-hidden=\"true\" class=\"wp-block-cover__background has-nv-light-bg-background-color has-background-dim-100 has-background-dim\"><\/span><div class=\"wp-block-cover__inner-container is-layout-flow wp-block-cover-is-layout-flow\">\n<div class=\"wp-block-columns is-layout-flex wp-container-core-columns-is-layout-9d6595d7 wp-block-columns-is-layout-flex\">\n<div class=\"wp-block-column is-layout-flow wp-block-column-is-layout-flow\" style=\"flex-basis:100%\">\n<div style=\"height:69px\" aria-hidden=\"true\" class=\"wp-block-spacer\"><\/div>\n\n\n\n<h2 class=\"wp-block-heading has-text-align-left\">Nous les avons accompagn\u00e9s<\/h2>\n<\/div>\n<\/div>\n\n\n\n<div class=\"wp-block-columns is-layout-flex wp-container-core-columns-is-layout-9d6595d7 wp-block-columns-is-layout-flex\">\n<div class=\"wp-block-column is-layout-flow wp-block-column-is-layout-flow\"><div class=\"wp-block-image is-resized is-style-rounded\">\n<figure class=\"aligncenter size-large\"><img loading=\"lazy\" decoding=\"async\" width=\"1024\" height=\"724\" src=\"https:\/\/ceoplus.fr\/wp-content\/uploads\/2024\/04\/IMG_1644-1024x724.webp\" alt=\"\" class=\"wp-image-106\" style=\"width:350px\" srcset=\"https:\/\/ceoplus.fr\/wp-content\/uploads\/2024\/04\/IMG_1644-1024x724.webp 1024w, https:\/\/ceoplus.fr\/wp-content\/uploads\/2024\/04\/IMG_1644-300x212.webp 300w, https:\/\/ceoplus.fr\/wp-content\/uploads\/2024\/04\/IMG_1644-768x543.webp 768w, https:\/\/ceoplus.fr\/wp-content\/uploads\/2024\/04\/IMG_1644-1536x1086.webp 1536w, https:\/\/ceoplus.fr\/wp-content\/uploads\/2024\/04\/IMG_1644-2048x1448.webp 2048w\" sizes=\"auto, (max-width: 1024px) 100vw, 1024px\" \/><\/figure>\n<\/div>\n\n\n<div style=\"height:24px\" aria-hidden=\"true\" class=\"wp-block-spacer\"><\/div>\n\n\n\n<p class=\"has-text-align-left has-neve-text-color-color has-text-color has-normal-font-size\">Assistance lors d&rsquo;une proc\u00e9dure de sauvegarde. Entreprise mod\u00e8le dans la reprise et l&rsquo;essor de son activit\u00e9, cas r\u00e9f\u00e9rentiel.<\/p>\n\n\n\n<p class=\"has-neve-text-color-color has-text-color\">ACTIMEAT<\/p>\n\n\n\n<div style=\"height:20px\" aria-hidden=\"true\" class=\"wp-block-spacer\"><\/div>\n<\/div>\n\n\n\n<div class=\"wp-block-column is-layout-flow wp-block-column-is-layout-flow\"><div class=\"wp-block-image is-resized is-style-rounded\">\n<figure class=\"aligncenter size-full\"><img loading=\"lazy\" decoding=\"async\" width=\"178\" height=\"176\" src=\"http:\/\/ceoplus.fr\/wp-content\/uploads\/2024\/04\/IMG_1645.jpeg\" alt=\"\" class=\"wp-image-107\" style=\"width:250px\"\/><\/figure>\n<\/div>\n\n\n<div style=\"height:24px\" aria-hidden=\"true\" class=\"wp-block-spacer\"><\/div>\n\n\n\n<p class=\"has-text-align-left has-neve-text-color-color has-text-color has-normal-font-size\">Continuit\u00e9 de l&rsquo;innovation produit et proc\u00e9d\u00e9, consolidant ainsi sa position de leader sur le march\u00e9.<\/p>\n\n\n\n<p class=\"has-neve-text-color-color has-text-color\">LES REPAS SANT\u00c9 <\/p>\n\n\n\n<div style=\"height:20px\" aria-hidden=\"true\" class=\"wp-block-spacer\"><\/div>\n<\/div>\n<\/div>\n<\/div><\/div>\n\n\n\n<div class=\"wp-block-cover alignfull is-light\" style=\"min-height:300px;aspect-ratio:unset;\"><span aria-hidden=\"true\" class=\"wp-block-cover__background has-neve-text-color-background-color has-background-dim-100 has-background-dim\"><\/span><div class=\"wp-block-cover__inner-container is-layout-flow wp-block-cover-is-layout-flow\">\n<div style=\"height:140px\" aria-hidden=\"true\" class=\"wp-block-spacer\"><\/div>\n\n\n\n<h2 class=\"wp-block-heading has-text-align-center has-nv-text-dark-bg-color has-text-color\">L\u2019\u00e9volution de votre entreprise n\u2019attend pas.<\/h2>\n\n\n\n<p class=\"has-text-align-center has-nv-site-bg-color has-text-color has-link-color has-medium-font-size wp-elements-b00afde0f8f9b905173219c16206843a\">Construisons ensemble votre prochaine transformation.<\/p>\n\n\n\n<div class=\"wp-block-buttons is-content-justification-center is-layout-flex wp-container-core-buttons-is-layout-16018d1d wp-block-buttons-is-layout-flex\">\n<div class=\"wp-block-button is-style-primary\"><a class=\"wp-block-button__link wp-element-button\" href=\"#\">FAISONS CONNAISSANCE<\/a><\/div>\n<\/div>\n\n\n\n<div style=\"height:140px\" aria-hidden=\"true\" class=\"wp-block-spacer\"><\/div>\n<\/div><\/div>\n","protected":false},"excerpt":{"rendered":"<p>Une restructuration sur mesure Notre implication favorise des solutions individualis\u00e9es pour une restructuration souple et performante. La performance industrielle optimalis\u00e9e Gr\u00e2ce \u00e0 notre expertise, nous identifions les inefficiences et proposons des solutions pour une performance optimale. L\u2019innovation comme moteur strat\u00e9gique Ancr\u00e9e dans la culture d&rsquo;entreprise, nous guidons nos clients vers une innovation p\u00e9renne pour une&hellip;&nbsp;<a href=\"https:\/\/ceoplus.fr\/\" class=\"\" rel=\"bookmark\">Lire la suite &raquo;<span class=\"screen-reader-text\">Accueil<\/span><\/a><\/p>\n","protected":false},"author":1,"featured_media":0,"parent":0,"menu_order":0,"comment_status":"closed","ping_status":"closed","template":"","meta":{"neve_meta_sidebar":"","neve_meta_container":"","neve_meta_enable_content_width":"on","neve_meta_content_width":100,"neve_meta_title_alignment":"","neve_meta_author_avatar":"","neve_post_elements_order":"","neve_meta_disable_header":"","neve_meta_disable_footer":"","neve_meta_disable_title":"on","footnotes":""},"class_list":["post-8","page","type-page","status-publish","hentry"],"_links":{"self":[{"href":"https:\/\/ceoplus.fr\/index.php\/wp-json\/wp\/v2\/pages\/8","targetHints":{"allow":["GET"]}}],"collection":[{"href":"https:\/\/ceoplus.fr\/index.php\/wp-json\/wp\/v2\/pages"}],"about":[{"href":"https:\/\/ceoplus.fr\/index.php\/wp-json\/wp\/v2\/types\/page"}],"author":[{"embeddable":true,"href":"https:\/\/ceoplus.fr\/index.php\/wp-json\/wp\/v2\/users\/1"}],"replies":[{"embeddable":true,"href":"https:\/\/ceoplus.fr\/index.php\/wp-json\/wp\/v2\/comments?post=8"}],"version-history":[{"count":28,"href":"https:\/\/ceoplus.fr\/index.php\/wp-json\/wp\/v2\/pages\/8\/revisions"}],"predecessor-version":[{"id":118,"href":"https:\/\/ceoplus.fr\/index.php\/wp-json\/wp\/v2\/pages\/8\/revisions\/118"}],"wp:attachment":[{"href":"https:\/\/ceoplus.fr\/index.php\/wp-json\/wp\/v2\/media?parent=8"}],"curies":[{"name":"wp","href":"https:\/\/api.w.org\/{rel}","templated":true}]}}